{"id":1083,"date":"2018-03-03T17:05:32","date_gmt":"2018-03-03T17:05:32","guid":{"rendered":"https:\/\/adeoq.com\/?page_id=1083"},"modified":"2026-01-04T01:56:01","modified_gmt":"2026-01-04T01:56:01","slug":"lois-reglements-et-politiques","status":"publish","type":"page","link":"https:\/\/adeoq.com\/?page_id=1083","title":{"rendered":"Lois, r\u00e8glements et politiques"},"content":{"rendered":"<p><strong><u>P\u00e9dagogie\u00a0: <\/u><\/strong><\/p>\n<p><a href=\"http:\/\/legisquebec.gouv.qc.ca\/fr\/ShowDoc\/cs\/I-13.3\">Loi de l\u2019instruction publique<\/a><\/p>\n<p><a href=\"http:\/\/legisquebec.gouv.qc.ca\/fr\/showdoc\/cr\/I-13.3,%20r.%208\">R\u00e9gime p\u00e9dagogique<\/a><\/p>\n<p><a href=\"http:\/\/www.education.gouv.qc.ca\/references\/publications\/resultats-de-la-recherche\/detail\/article\/la-formation-generale-des-jeunes-instruction-annuelle\/\">Instruction annuelle<\/a><\/p>\n<p><strong><u>Conditions de travail cadres\u00a0:<\/u><\/strong><\/p>\n<p><a href=\"https:\/\/cdn-contenu.quebec.ca\/cdn-contenu\/education\/conditions-relations-travail\/Reglement-conditions-travail-cadres-2025.pdf\" class=\"mtli_attachment mtli_pdf\">R\u00e8glement des cadres <\/a><\/p>\n<p><a href=\"https:\/\/adeoq.com\/wp-content\/uploads\/2018\/03\/Classement-des-emplois-et-echelles-de-traitement.pdf\" class=\"mtli_attachment mtli_pdf\">\u00c9chelles salariales : annexe III <\/a><\/p>\n<p>Pr\u00e9retraite\u00a0: annexe IV<\/p>\n<p>Politiques de gestion\u00a0:<\/p>\n<p><a href=\"https:\/\/adeoq.com\/wp-content\/uploads\/2024\/06\/55-41-01-Politique-locale-de-gestion-des-cadres-SRH-CSSD.pdf\" class=\"mtli_attachment mtli_pdf\">CSSD<\/a><\/p>\n<p><a href=\"https:\/\/adeoq.com\/wp-content\/uploads\/2024\/02\/DG-02.00_Politique_locale_gestionnaires_signee.pdf\" class=\"mtli_attachment mtli_pdf\">CSSHBO<\/a><\/p>\n<p><a href=\"https:\/\/adeoq.com\/wp-content\/uploads\/2025\/02\/politique_gestion_locale_cadres_20mars2024-CSSCV.pdf\" class=\"mtli_attachment mtli_pdf\">CSSCV<\/a><\/p>\n<p><a href=\"https:\/\/adeoq.com\/wp-content\/uploads\/2024\/06\/50-12-20-Politique-de-gestion-des-cadres-_-CSSPO.pdf\" class=\"mtli_attachment mtli_pdf\">CSSPO<\/a><\/p>\n<p><strong><u>Conventions collectives provinciales\u00a0: <\/u><\/strong><\/p>\n<p><a href=\"http:\/\/cpn.gouv.qc.ca\/cpncf\/conventions-collectives\/personnel-enseignant-2015-2020\/e6-federation-autonome-de-lenseignement-fae\/\">Enseignants FAE<\/a><\/p>\n<p><a href=\"http:\/\/cpn.gouv.qc.ca\/cpncf\/conventions-collectives\/personnel-enseignant-2015-2020\/e1-federation-des-syndicats-de-lenseignement-fse-csq\/\">Enseignants FSE<\/a><\/p>\n<p><a href=\"http:\/\/cpn.gouv.qc.ca\/fr\/cpncf\/conventions-collectives\/personnel-professionnel-2015-2020\/p1-federation-des-professionnelles-et-professionnels-de-leducation-fppe-csq\/\">Professionnels<\/a><\/p>\n<p><a href=\"http:\/\/cpn.gouv.qc.ca\/fr\/cpncf\/conventions-collectives\/personnel-de-soutien-2015-2020\/\">Employ\u00e9s de soutien<\/a><\/p>\n","protected":false},"excerpt":{"rendered":"<p>P\u00e9dagogie\u00a0: Loi de l\u2019instruction publique R\u00e9gime p\u00e9dagogique Instruction annuelle Conditions de travail cadres\u00a0: R\u00e8glement des cadres \u00c9chelles salariales : annexe III Pr\u00e9retraite\u00a0: annexe IV Politiques de gestion\u00a0: CSSD CSSHBO CSSCV CSSPO Conventions collectives provinciales\u00a0: Enseignants FAE Enseignants FSE Professionnels Employ\u00e9s de soutien<\/p>\n","protected":false},"author":2,"featured_media":0,"parent":0,"menu_order":0,"comment_status":"closed","ping_status":"closed","template":"","meta":{"_et_pb_use_builder":"","_et_pb_old_content":"","_et_gb_content_width":"","footnotes":""},"class_list":["post-1083","page","type-page","status-publish","hentry"],"_links":{"self":[{"href":"https:\/\/adeoq.com\/index.php?rest_route=\/wp\/v2\/pages\/1083","targetHints":{"allow":["GET"]}}],"collection":[{"href":"https:\/\/adeoq.com\/index.php?rest_route=\/wp\/v2\/pages"}],"about":[{"href":"https:\/\/adeoq.com\/index.php?rest_route=\/wp\/v2\/types\/page"}],"author":[{"embeddable":true,"href":"https:\/\/adeoq.com\/index.php?rest_route=\/wp\/v2\/users\/2"}],"replies":[{"embeddable":true,"href":"https:\/\/adeoq.com\/index.php?rest_route=%2Fwp%2Fv2%2Fcomments&post=1083"}],"version-history":[{"count":14,"href":"https:\/\/adeoq.com\/index.php?rest_route=\/wp\/v2\/pages\/1083\/revisions"}],"predecessor-version":[{"id":2426,"href":"https:\/\/adeoq.com\/index.php?rest_route=\/wp\/v2\/pages\/1083\/revisions\/2426"}],"wp:attachment":[{"href":"https:\/\/adeoq.com\/index.php?rest_route=%2Fwp%2Fv2%2Fmedia&parent=1083"}],"curies":[{"name":"wp","href":"https:\/\/api.w.org\/{rel}","templated":true}]}}

Lois, règlements et politiques

<p><strong><u>Pédagogie : </u></strong></p>
<p><a href="http://legisquebec.gouv.qc.ca/fr/ShowDoc/cs/I-13.3">Loi de l’instruction publique</a></p>
<p><a href="http://legisquebec.gouv.qc.ca/fr/showdoc/cr/I-13.3,%20r.%208">Régime pédagogique</a></p>
<p><a href="http://www.education.gouv.qc.ca/references/publications/resultats-de-la-recherche/detail/article/la-formation-generale-des-jeunes-instruction-annuelle/">Instruction annuelle</a></p>
<p><strong><u>Conditions de travail cadres :</u></strong></p>
<p><a href="https://cdn-contenu.quebec.ca/cdn-contenu/education/conditions-relations-travail/Reglement-conditions-travail-cadres-2025.pdf" class="mtli_attachment mtli_pdf">Règlement des cadres </a></p>
<p><a href="https://adeoq.com/wp-content/uploads/2018/03/Classement-des-emplois-et-echelles-de-traitement.pdf" class="mtli_attachment mtli_pdf">Échelles salariales : annexe III </a></p>
<p>Préretraite : annexe IV</p>
<p>Politiques de gestion :</p>
<p><a href="https://adeoq.com/wp-content/uploads/2024/06/55-41-01-Politique-locale-de-gestion-des-cadres-SRH-CSSD.pdf" class="mtli_attachment mtli_pdf">CSSD</a></p>
<p><a href="https://adeoq.com/wp-content/uploads/2024/02/DG-02.00_Politique_locale_gestionnaires_signee.pdf" class="mtli_attachment mtli_pdf">CSSHBO</a></p>
<p><a href="https://adeoq.com/wp-content/uploads/2025/02/politique_gestion_locale_cadres_20mars2024-CSSCV.pdf" class="mtli_attachment mtli_pdf">CSSCV</a></p>
<p><a href="https://adeoq.com/wp-content/uploads/2024/06/50-12-20-Politique-de-gestion-des-cadres-_-CSSPO.pdf" class="mtli_attachment mtli_pdf">CSSPO</a></p>
<p><strong><u>Conventions collectives provinciales : </u></strong></p>
<p><a href="http://cpn.gouv.qc.ca/cpncf/conventions-collectives/personnel-enseignant-2015-2020/e6-federation-autonome-de-lenseignement-fae/">Enseignants FAE</a></p>
<p><a href="http://cpn.gouv.qc.ca/cpncf/conventions-collectives/personnel-enseignant-2015-2020/e1-federation-des-syndicats-de-lenseignement-fse-csq/">Enseignants FSE</a></p>
<p><a href="http://cpn.gouv.qc.ca/fr/cpncf/conventions-collectives/personnel-professionnel-2015-2020/p1-federation-des-professionnelles-et-professionnels-de-leducation-fppe-csq/">Professionnels</a></p>
<p><a href="http://cpn.gouv.qc.ca/fr/cpncf/conventions-collectives/personnel-de-soutien-2015-2020/">Employés de soutien</a></p>

<p>Pédagogie : Loi de l’instruction publique Régime pédagogique Instruction annuelle Conditions de travail cadres : Règlement des cadres Échelles salariales : annexe III Préretraite : annexe IV Politiques de gestion : CSSD CSSHBO CSSCV CSSPO Conventions collectives provinciales : Enseignants FAE Enseignants FSE Professionnels Employés de soutien</p>
