{"id":1378,"date":"2019-02-25T04:46:37","date_gmt":"2019-02-25T04:46:37","guid":{"rendered":"https:\/\/adeoq.com\/?page_id=1378"},"modified":"2024-11-25T03:31:37","modified_gmt":"2024-11-25T03:31:37","slug":"futurs-retraites-2","status":"publish","type":"page","link":"https:\/\/adeoq.com\/?page_id=1378","title":{"rendered":"Futurs retrait\u00e9s"},"content":{"rendered":"<p><a href=\"http:\/\/www.aqder.ca\/\">Site internet AQDER<\/a><\/p>\n<p><a href=\"https:\/\/www.aqder.ca\/accueilfutursretrait%C3%A9s\">AQDER : Informations pour les futurs retrait\u00e9s<\/a><\/p>\n<p><a href=\"https:\/\/www.aqdero.ca\/\">Site internet AQDER\u00a0Outaouais<\/a><\/p>\n<p><a href=\"https:\/\/adeoq.com\/wp-content\/uploads\/2019\/02\/CERA-Modification-au-r\u00e9gime-dassurance-des-retrait\u00e9s.pdf\" class=\"mtli_attachment mtli_pdf\">CERA Modification au r\u00e9gime d&rsquo;assurance des retrait\u00e9s<\/a><\/p>\n<p><a href=\"https:\/\/adeoq.com\/wp-content\/uploads\/2019\/02\/Communiqu\u00e9-65-ans-ou-plus_Communiqu\u00e9-2019-no1-F-VF-1.pdf\" class=\"mtli_attachment mtli_pdf\">Communiqu\u00e9 (65 ans ou plus)_Communiqu\u00e9 2019 no1-F-VF<\/a><\/p>\n<p><a href=\"https:\/\/adeoq.com\/wp-content\/uploads\/2019\/02\/Communiqu\u00e9-moins-de-65-ans_Communiqu\u00e9-2019-no.-2-F-VF.pdf\" class=\"mtli_attachment mtli_pdf\">Communiqu\u00e9 (moins de 65 ans)_Communiqu\u00e9 2019 no. 2-F-VF<\/a><\/p>\n<p><a href=\"https:\/\/adeoq.com\/wp-content\/uploads\/2019\/02\/Contrat-Y9999-R-Demande-de-modification-au-1er-juillet-2019-fran\u00e7ais....pdf\" class=\"mtli_attachment mtli_pdf\">Contrat Y9999-R &#8211; Demande de modification au 1er juillet 2019 (fran\u00e7ais)&#8230;<\/a><\/p>\n<p><a href=\"https:\/\/adeoq.com\/wp-content\/uploads\/2019\/02\/Y9999-R\u00e9gime-dassurance-collective-Tableau-comparatif-FRAN\u00c7AIS-.pdf\" class=\"mtli_attachment mtli_pdf\">Y9999 R\u00e9gime d&rsquo;assurance collective &#8211; Tableau comparatif &#8211; FRAN\u00c7AIS<\/a><\/p>\n","protected":false},"excerpt":{"rendered":"<p>Site internet AQDER AQDER : Informations pour les futurs retrait\u00e9s Site internet AQDER\u00a0Outaouais CERA Modification au r\u00e9gime d&rsquo;assurance des retrait\u00e9s Communiqu\u00e9 (65 ans ou plus)_Communiqu\u00e9 2019 no1-F-VF Communiqu\u00e9 (moins de 65 ans)_Communiqu\u00e9 2019 no. 2-F-VF Contrat Y9999-R &#8211; Demande de modification au 1er juillet 2019 (fran\u00e7ais)&#8230; Y9999 R\u00e9gime d&rsquo;assurance collective &#8211; Tableau comparatif &#8211; FRAN\u00c7AIS<\/p>\n","protected":false},"author":2,"featured_media":0,"parent":0,"menu_order":0,"comment_status":"closed","ping_status":"closed","template":"","meta":{"_et_pb_use_builder":"","_et_pb_old_content":"","_et_gb_content_width":"","footnotes":""},"class_list":["post-1378","page","type-page","status-publish","hentry"],"_links":{"self":[{"href":"https:\/\/adeoq.com\/index.php?rest_route=\/wp\/v2\/pages\/1378","targetHints":{"allow":["GET"]}}],"collection":[{"href":"https:\/\/adeoq.com\/index.php?rest_route=\/wp\/v2\/pages"}],"about":[{"href":"https:\/\/adeoq.com\/index.php?rest_route=\/wp\/v2\/types\/page"}],"author":[{"embeddable":true,"href":"https:\/\/adeoq.com\/index.php?rest_route=\/wp\/v2\/users\/2"}],"replies":[{"embeddable":true,"href":"https:\/\/adeoq.com\/index.php?rest_route=%2Fwp%2Fv2%2Fcomments&post=1378"}],"version-history":[{"count":6,"href":"https:\/\/adeoq.com\/index.php?rest_route=\/wp\/v2\/pages\/1378\/revisions"}],"predecessor-version":[{"id":2277,"href":"https:\/\/adeoq.com\/index.php?rest_route=\/wp\/v2\/pages\/1378\/revisions\/2277"}],"wp:attachment":[{"href":"https:\/\/adeoq.com\/index.php?rest_route=%2Fwp%2Fv2%2Fmedia&parent=1378"}],"curies":[{"name":"wp","href":"https:\/\/api.w.org\/{rel}","templated":true}]}}

Futurs retraités

<p><a href="http://www.aqder.ca/">Site internet AQDER</a></p>
<p><a href="https://www.aqder.ca/accueilfutursretrait%C3%A9s">AQDER : Informations pour les futurs retraités</a></p>
<p><a href="https://www.aqdero.ca/">Site internet AQDER Outaouais</a></p>
<p><a href="https://adeoq.com/wp-content/uploads/2019/02/CERA-Modification-au-régime-dassurance-des-retraités.pdf" class="mtli_attachment mtli_pdf">CERA Modification au régime d&rsquo;assurance des retraités</a></p>
<p><a href="https://adeoq.com/wp-content/uploads/2019/02/Communiqué-65-ans-ou-plus_Communiqué-2019-no1-F-VF-1.pdf" class="mtli_attachment mtli_pdf">Communiqué (65 ans ou plus)_Communiqué 2019 no1-F-VF</a></p>
<p><a href="https://adeoq.com/wp-content/uploads/2019/02/Communiqué-moins-de-65-ans_Communiqué-2019-no.-2-F-VF.pdf" class="mtli_attachment mtli_pdf">Communiqué (moins de 65 ans)_Communiqué 2019 no. 2-F-VF</a></p>
<p><a href="https://adeoq.com/wp-content/uploads/2019/02/Contrat-Y9999-R-Demande-de-modification-au-1er-juillet-2019-français....pdf" class="mtli_attachment mtli_pdf">Contrat Y9999-R &#8211; Demande de modification au 1er juillet 2019 (français)&#8230;</a></p>
<p><a href="https://adeoq.com/wp-content/uploads/2019/02/Y9999-Régime-dassurance-collective-Tableau-comparatif-FRANÇAIS-.pdf" class="mtli_attachment mtli_pdf">Y9999 Régime d&rsquo;assurance collective &#8211; Tableau comparatif &#8211; FRANÇAIS</a></p>

<p>Site internet AQDER AQDER : Informations pour les futurs retraités Site internet AQDER Outaouais CERA Modification au régime d&rsquo;assurance des retraités Communiqué (65 ans ou plus)_Communiqué 2019 no1-F-VF Communiqué (moins de 65 ans)_Communiqué 2019 no. 2-F-VF Contrat Y9999-R &#8211; Demande de modification au 1er juillet 2019 (français)&#8230; Y9999 Régime d&rsquo;assurance collective &#8211; Tableau comparatif &#8211; FRANÇAIS</p>
