{"id":1804,"date":"2022-10-30T18:38:45","date_gmt":"2022-10-30T18:38:45","guid":{"rendered":"https:\/\/adeoq.com\/?page_id=1804"},"modified":"2024-02-18T23:20:12","modified_gmt":"2024-02-18T23:20:12","slug":"ordre-du-merite","status":"publish","type":"page","link":"https:\/\/adeoq.com\/?page_id=1804","title":{"rendered":"Ordre du m\u00e9rite"},"content":{"rendered":"<p>Voici les photos de la c\u00e9l\u00e9bration de l&rsquo;ordre du m\u00e9rite du 19 octobre 2023 dernier:<\/p>\n<p><a href=\"https:\/\/adeoq.com\/wp-content\/uploads\/2024\/02\/photo-1-rotated.jpg\"><img loading=\"lazy\" decoding=\"async\" class=\"alignleft size-medium wp-image-2048\" src=\"https:\/\/adeoq.com\/wp-content\/uploads\/2024\/02\/photo-1-225x300.jpg\" alt=\"\" width=\"225\" height=\"300\" srcset=\"https:\/\/adeoq.com\/wp-content\/uploads\/2024\/02\/photo-1-225x300.jpg 225w, https:\/\/adeoq.com\/wp-content\/uploads\/2024\/02\/photo-1-rotated.jpg 480w\" sizes=\"(max-width: 225px) 100vw, 225px\" \/><\/a> <a href=\"https:\/\/adeoq.com\/wp-content\/uploads\/2024\/02\/photo-2-rotated.jpg\"><img loading=\"lazy\" decoding=\"async\" class=\"alignleft size-medium wp-image-2049\" src=\"https:\/\/adeoq.com\/wp-content\/uploads\/2024\/02\/photo-2-225x300.jpg\" alt=\"\" width=\"225\" height=\"300\" srcset=\"https:\/\/adeoq.com\/wp-content\/uploads\/2024\/02\/photo-2-225x300.jpg 225w, https:\/\/adeoq.com\/wp-content\/uploads\/2024\/02\/photo-2-rotated.jpg 480w\" sizes=\"(max-width: 225px) 100vw, 225px\" \/><\/a> <a href=\"https:\/\/adeoq.com\/wp-content\/uploads\/2024\/02\/photo-3-rotated.jpg\"><img loading=\"lazy\" decoding=\"async\" class=\"alignleft size-medium wp-image-2050\" src=\"https:\/\/adeoq.com\/wp-content\/uploads\/2024\/02\/photo-3-225x300.jpg\" alt=\"\" width=\"225\" height=\"300\" srcset=\"https:\/\/adeoq.com\/wp-content\/uploads\/2024\/02\/photo-3-225x300.jpg 225w, https:\/\/adeoq.com\/wp-content\/uploads\/2024\/02\/photo-3-rotated.jpg 480w\" sizes=\"(max-width: 225px) 100vw, 225px\" \/><\/a> <a href=\"https:\/\/adeoq.com\/wp-content\/uploads\/2024\/02\/photo-4-rotated.jpg\"><img loading=\"lazy\" decoding=\"async\" class=\"alignleft size-medium wp-image-2052\" src=\"https:\/\/adeoq.com\/wp-content\/uploads\/2024\/02\/photo-4-225x300.jpg\" alt=\"\" width=\"225\" height=\"300\" srcset=\"https:\/\/adeoq.com\/wp-content\/uploads\/2024\/02\/photo-4-225x300.jpg 225w, https:\/\/adeoq.com\/wp-content\/uploads\/2024\/02\/photo-4-rotated.jpg 480w\" sizes=\"(max-width: 225px) 100vw, 225px\" \/><\/a><\/p>\n","protected":false},"excerpt":{"rendered":"<p>Voici les photos de la c\u00e9l\u00e9bration de l&rsquo;ordre du m\u00e9rite du 19 octobre 2023 dernier:<\/p>\n","protected":false},"author":2,"featured_media":0,"parent":0,"menu_order":0,"comment_status":"closed","ping_status":"closed","template":"","meta":{"_et_pb_use_builder":"","_et_pb_old_content":"","_et_gb_content_width":"","footnotes":""},"class_list":["post-1804","page","type-page","status-publish","hentry"],"_links":{"self":[{"href":"https:\/\/adeoq.com\/index.php?rest_route=\/wp\/v2\/pages\/1804","targetHints":{"allow":["GET"]}}],"collection":[{"href":"https:\/\/adeoq.com\/index.php?rest_route=\/wp\/v2\/pages"}],"about":[{"href":"https:\/\/adeoq.com\/index.php?rest_route=\/wp\/v2\/types\/page"}],"author":[{"embeddable":true,"href":"https:\/\/adeoq.com\/index.php?rest_route=\/wp\/v2\/users\/2"}],"replies":[{"embeddable":true,"href":"https:\/\/adeoq.com\/index.php?rest_route=%2Fwp%2Fv2%2Fcomments&post=1804"}],"version-history":[{"count":7,"href":"https:\/\/adeoq.com\/index.php?rest_route=\/wp\/v2\/pages\/1804\/revisions"}],"predecessor-version":[{"id":2053,"href":"https:\/\/adeoq.com\/index.php?rest_route=\/wp\/v2\/pages\/1804\/revisions\/2053"}],"wp:attachment":[{"href":"https:\/\/adeoq.com\/index.php?rest_route=%2Fwp%2Fv2%2Fmedia&parent=1804"}],"curies":[{"name":"wp","href":"https:\/\/api.w.org\/{rel}","templated":true}]}}

Ordre du mérite

<p>Voici les photos de la célébration de l&rsquo;ordre du mérite du 19 octobre 2023 dernier:</p>
<p><a href="https://adeoq.com/wp-content/uploads/2024/02/photo-1-rotated.jpg"><img loading="lazy" decoding="async" class="alignleft size-medium wp-image-2048" src="https://adeoq.com/wp-content/uploads/2024/02/photo-1-225x300.jpg" alt="" width="225" height="300" srcset="https://adeoq.com/wp-content/uploads/2024/02/photo-1-225x300.jpg 225w, https://adeoq.com/wp-content/uploads/2024/02/photo-1-rotated.jpg 480w" sizes="(max-width: 225px) 100vw, 225px" /></a> <a href="https://adeoq.com/wp-content/uploads/2024/02/photo-2-rotated.jpg"><img loading="lazy" decoding="async" class="alignleft size-medium wp-image-2049" src="https://adeoq.com/wp-content/uploads/2024/02/photo-2-225x300.jpg" alt="" width="225" height="300" srcset="https://adeoq.com/wp-content/uploads/2024/02/photo-2-225x300.jpg 225w, https://adeoq.com/wp-content/uploads/2024/02/photo-2-rotated.jpg 480w" sizes="(max-width: 225px) 100vw, 225px" /></a> <a href="https://adeoq.com/wp-content/uploads/2024/02/photo-3-rotated.jpg"><img loading="lazy" decoding="async" class="alignleft size-medium wp-image-2050" src="https://adeoq.com/wp-content/uploads/2024/02/photo-3-225x300.jpg" alt="" width="225" height="300" srcset="https://adeoq.com/wp-content/uploads/2024/02/photo-3-225x300.jpg 225w, https://adeoq.com/wp-content/uploads/2024/02/photo-3-rotated.jpg 480w" sizes="(max-width: 225px) 100vw, 225px" /></a> <a href="https://adeoq.com/wp-content/uploads/2024/02/photo-4-rotated.jpg"><img loading="lazy" decoding="async" class="alignleft size-medium wp-image-2052" src="https://adeoq.com/wp-content/uploads/2024/02/photo-4-225x300.jpg" alt="" width="225" height="300" srcset="https://adeoq.com/wp-content/uploads/2024/02/photo-4-225x300.jpg 225w, https://adeoq.com/wp-content/uploads/2024/02/photo-4-rotated.jpg 480w" sizes="(max-width: 225px) 100vw, 225px" /></a></p>

<p>Voici les photos de la célébration de l&rsquo;ordre du mérite du 19 octobre 2023 dernier:</p>
