{"id":181,"date":"2014-11-19T20:35:45","date_gmt":"2014-11-19T20:35:45","guid":{"rendered":"https:\/\/adeoq.com\/\/?page_id=181"},"modified":"2025-08-29T02:57:29","modified_gmt":"2025-08-29T02:57:29","slug":"assemblee-generale","status":"publish","type":"page","link":"https:\/\/adeoq.com\/?page_id=181","title":{"rendered":"Assembl\u00e9e g\u00e9n\u00e9rale"},"content":{"rendered":"<p><strong><span class=\"style2\"><span style=\"text-decoration: underline;\">PROC\u00c8S-VERBAUX<\/span><\/span><\/strong><\/p>\n<p><a href=\"https:\/\/adeoq.com\/wp-content\/uploads\/2025\/08\/3.1.-Assemblee-generale-19-octobre-2023-ADEOQ.pdf\" class=\"mtli_attachment mtli_pdf\">2023-10-19<\/a><\/p>\n<p><a href=\"https:\/\/adeoq.com\/wp-content\/uploads\/2025\/08\/3.1.-Assemblee-generale-20-octobre-2022-ADEOQ.pdf\" class=\"mtli_attachment mtli_pdf\">2022-10-20<\/a><\/p>\n<p><a href=\"https:\/\/adeoq.com\/wp-content\/uploads\/2014\/11\/3.1.-Proc\u00e8s-verbal-Assembl\u00e9e-g\u00e9n\u00e9rale-21-octobre-2021-ADEOQ.pdf\" class=\"mtli_attachment mtli_pdf\">2021-10-21<\/a><\/p>\n<p><a href=\"https:\/\/adeoq.com\/wp-content\/uploads\/2014\/11\/3.1-Assembl\u00e9e-g\u00e9n\u00e9rale-22-octobre-2020-ADEOQ.docx\" class=\"mtli_attachment mtli_docx\">2020-10-22<\/a><\/p>\n<p><a href=\"https:\/\/adeoq.com\/wp-content\/uploads\/2014\/11\/Assembl\u00e9e-g\u00e9n\u00e9rale-16-mai-2019-ADEOQ.pdf\" class=\"mtli_attachment mtli_pdf\">2019-05-16<\/a><\/p>\n<p><a href=\"https:\/\/adeoq.com\/wp-content\/uploads\/2014\/11\/Proc\u00e8s-verbal_-AG_20-avril-2018.pdf\" class=\"mtli_attachment mtli_pdf\">2018-04-20<\/a><\/p>\n<p><a href=\"https:\/\/adeoq.com\/wp-content\/uploads\/2014\/11\/Proc\u00e8s-verbal-27-avril-2017.pdf\" class=\"mtli_attachment mtli_pdf\">2017-04-27<\/a><\/p>\n<p><a href=\"https:\/\/adeoq.com\/wp-content\/uploads\/2014\/11\/2016-04-22.pdf\" class=\"mtli_attachment mtli_pdf\">2016-04-22<\/a><\/p>\n<p><a href=\"https:\/\/adeoq.com\/wp-content\/uploads\/2014\/11\/2015-05-14.pdf\" class=\"mtli_attachment mtli_pdf\">2015-05-14<\/a><\/p>\n<p><a href=\"https:\/\/adeoq.com\/wp-content\/uploads\/2014\/11\/2014-04-11.pdf\" class=\"mtli_attachment mtli_pdf\">2014-04-11<\/a><\/p>\n<p><a href=\"https:\/\/adeoq.com\/wp-content\/uploads\/2014\/11\/2013-05-09.pdf\" class=\"mtli_attachment mtli_pdf\">2013-05-09<\/a><\/p>\n<p><a href=\"https:\/\/adeoq.com\/\/wp-content\/uploads\/2015\/02\/PDF\/PV-AG\/20120427.pdf\" class=\"mtli_attachment mtli_pdf\" target=\"_blank\" rel=\"noopener\">\u00a02012-04-27<\/a><\/p>\n<p><a href=\"https:\/\/adeoq.com\/\/wp-content\/uploads\/2015\/02\/PDF\/PV-AG\/20110407.pdf\" class=\"mtli_attachment mtli_pdf\" target=\"_blank\" rel=\"noopener\">\u00a02011-04-07<\/a><\/p>\n","protected":false},"excerpt":{"rendered":"<p>PROC\u00c8S-VERBAUX 2023-10-19 2022-10-20 2021-10-21 2020-10-22 2019-05-16 2018-04-20 2017-04-27 2016-04-22 2015-05-14 2014-04-11 2013-05-09 \u00a02012-04-27 \u00a02011-04-07<\/p>\n","protected":false},"author":1,"featured_media":0,"parent":0,"menu_order":0,"comment_status":"open","ping_status":"open","template":"","meta":{"_et_pb_use_builder":"","_et_pb_old_content":"","_et_gb_content_width":"","footnotes":""},"class_list":["post-181","page","type-page","status-publish","hentry"],"_links":{"self":[{"href":"https:\/\/adeoq.com\/index.php?rest_route=\/wp\/v2\/pages\/181","targetHints":{"allow":["GET"]}}],"collection":[{"href":"https:\/\/adeoq.com\/index.php?rest_route=\/wp\/v2\/pages"}],"about":[{"href":"https:\/\/adeoq.com\/index.php?rest_route=\/wp\/v2\/types\/page"}],"author":[{"embeddable":true,"href":"https:\/\/adeoq.com\/index.php?rest_route=\/wp\/v2\/users\/1"}],"replies":[{"embeddable":true,"href":"https:\/\/adeoq.com\/index.php?rest_route=%2Fwp%2Fv2%2Fcomments&post=181"}],"version-history":[{"count":13,"href":"https:\/\/adeoq.com\/index.php?rest_route=\/wp\/v2\/pages\/181\/revisions"}],"predecessor-version":[{"id":2364,"href":"https:\/\/adeoq.com\/index.php?rest_route=\/wp\/v2\/pages\/181\/revisions\/2364"}],"wp:attachment":[{"href":"https:\/\/adeoq.com\/index.php?rest_route=%2Fwp%2Fv2%2Fmedia&parent=181"}],"curies":[{"name":"wp","href":"https:\/\/api.w.org\/{rel}","templated":true}]}}