{"id":203,"date":"2014-11-19T20:43:31","date_gmt":"2014-11-19T20:43:31","guid":{"rendered":"https:\/\/adeoq.com\/\/?page_id=203"},"modified":"2025-10-22T04:02:22","modified_gmt":"2025-10-22T04:02:22","slug":"commission-scolaire-des-hauts-bois-de-loutaouais","status":"publish","type":"page","link":"https:\/\/adeoq.com\/?page_id=203","title":{"rendered":"Centre de services scolaire des Hauts-Bois-de-l&rsquo;Outaouais"},"content":{"rendered":"<p><strong>Coordonnatrice: <\/strong><a href=\"mailto:gabie.pare@csshbo.gouv.qc.ca\"><strong>Gabie Par\u00e9<\/strong><\/a><\/p>\n<p><a href=\"https:\/\/www.csshbo.gouv.qc.ca\/fr\/parents-eleves-et-communaute\/parents\/trouvez-votre-ecole\">Liste et coordonn\u00e9es des \u00e9tablissements de CSSHBO<\/a><\/p>\n<table width=\"100%\">\n<tbody>\n<tr>\n<td width=\"182\">Belleau, Anne-Marie<\/td>\n<td width=\"161\">Directrice adjointe<\/td>\n<td width=\"223\">\u00c9tablissement des Petits-Ponts<\/td>\n<\/tr>\n<tr>\n<td width=\"182\">Bouchard, St\u00e9phane<\/td>\n<td width=\"161\">Directeur<\/td>\n<td width=\"223\">\u00c9tablissement des Petits-Ponts<\/td>\n<\/tr>\n<tr>\n<td width=\"182\">Carle, Val\u00e9rie<\/td>\n<td width=\"161\">Directrice<\/td>\n<td width=\"223\">\u00c9tablissement Le Rucher<\/td>\n<\/tr>\n<tr>\n<td width=\"182\">Charbonneau, Ariane<\/td>\n<td width=\"161\">Directrice adjointe<\/td>\n<td width=\"223\">\u00c9tablissement Le Rucher<\/td>\n<\/tr>\n<tr>\n<td width=\"182\">Delorme, Marc<\/td>\n<td width=\"161\">Directeur<\/td>\n<td width=\"223\">FGA\/FP<\/td>\n<\/tr>\n<tr>\n<td width=\"182\">Di Stefano, Tina<\/td>\n<td width=\"161\">Directrice<\/td>\n<td width=\"223\">C\u0153ur-de-la-Gatineau<\/td>\n<\/tr>\n<tr>\n<td width=\"182\">Graveline, Megan<\/td>\n<td width=\"161\">Directrice adjointe<\/td>\n<td width=\"223\">\u00c9tablissement des Petits-Ponts<\/td>\n<\/tr>\n<tr>\n<td width=\"182\">Laurin, Manon<\/td>\n<td width=\"161\">Directrice adjointe<\/td>\n<td width=\"223\">C\u0153ur-de-la-Gatineau<\/td>\n<\/tr>\n<tr>\n<td width=\"182\">Lucchini, Joelle<\/td>\n<td width=\"161\">Directrice<\/td>\n<td width=\"223\">Cit\u00e9 \u00e9tudiante de la Haute-Gatineau<\/td>\n<\/tr>\n<tr>\n<td width=\"182\">Malette, Sally-Ann<\/td>\n<td width=\"161\">Directrice adjointe<\/td>\n<td width=\"223\">\u00c9tablissement des Petits-Ponts<\/td>\n<\/tr>\n<tr>\n<td width=\"182\">Martin, Julie<\/td>\n<td width=\"161\">Directrice<\/td>\n<td width=\"223\">\u00c9cole secondaire Sieur-de-Coulonge<\/td>\n<\/tr>\n<tr>\n<td width=\"182\">Montreuil, Tracy<\/td>\n<td width=\"161\">Directrice adjointe<\/td>\n<td width=\"223\">C\u0153ur-de-la-Gatineau<\/td>\n<\/tr>\n<tr>\n<td width=\"182\">Paquet, Gabrielle<\/td>\n<td width=\"161\">Directrice adjointe<\/td>\n<td width=\"223\">\u00c9tablissement Le Rucher<\/td>\n<\/tr>\n<tr>\n<td width=\"182\">Par\u00e9, Gabie<\/td>\n<td width=\"161\">Directrice adjointe<\/td>\n<td width=\"223\">\u00c9cole secondaire Sieur-de-Coulonge<\/td>\n<\/tr>\n<tr>\n<td width=\"182\">Roy, Vicky<\/td>\n<td width=\"161\">Directrice adjointe<\/td>\n<td width=\"223\">Cit\u00e9 \u00e9tudiante de la Haute-Gatineau<\/td>\n<\/tr>\n<tr>\n<td width=\"182\">Tremblay, Marianne<\/td>\n<td width=\"161\">Directrice adjointe<\/td>\n<td width=\"223\">\u00c9tablissement Le Rucher<\/td>\n<\/tr>\n<\/tbody>\n<\/table>\n","protected":false},"excerpt":{"rendered":"<p>Coordonnatrice: Gabie Par\u00e9 Liste et coordonn\u00e9es des \u00e9tablissements de CSSHBO Belleau, Anne-Marie Directrice adjointe \u00c9tablissement des Petits-Ponts Bouchard, St\u00e9phane Directeur \u00c9tablissement des Petits-Ponts Carle, Val\u00e9rie Directrice \u00c9tablissement Le Rucher Charbonneau, Ariane Directrice adjointe \u00c9tablissement Le Rucher Delorme, Marc Directeur FGA\/FP Di Stefano, Tina Directrice C\u0153ur-de-la-Gatineau Graveline, Megan Directrice adjointe \u00c9tablissement des Petits-Ponts Laurin, Manon Directrice [&hellip;]<\/p>\n","protected":false},"author":1,"featured_media":0,"parent":0,"menu_order":0,"comment_status":"open","ping_status":"open","template":"","meta":{"_et_pb_use_builder":"off","_et_pb_old_content":"<strong>Coordonnatrice: <\/strong><a href=\"mailto:gabie.pare@csshbo.gouv.qc.ca\"><strong>Gabie Par\u00e9<\/strong><\/a>\n\n<a href=\"https:\/\/www.cshbo.qc.ca\/fr\/parents-eleves-et-communaute\/eleves\/ecoles-et-centres\">Liste et coordonn\u00e9es des \u00e9tablissements de CSSHBO<\/a>\n<table width=\"100%\">\n<tbody>\n<tr>\n<td width=\"251\">Belleau, Anne-Marie<\/td>\n<td width=\"238\">Directrice adjointe<\/td>\n<td width=\"341\">\u00c9tablissement des Petits-Ponts<\/td>\n<\/tr>\n<tr>\n<td width=\"251\">Bouchard, St\u00e9phane<\/td>\n<td width=\"238\">Directeur<\/td>\n<td width=\"341\">\u00c9tablissement des Petits-Ponts<\/td>\n<\/tr>\n<tr>\n<td width=\"251\">Carle, Val\u00e9rie<\/td>\n<td width=\"238\">Directrice<\/td>\n<td width=\"341\">\u00c9tablissement Le Rucher<\/td>\n<\/tr>\n<tr>\n<td width=\"251\">Delorme, Marc<\/td>\n<td width=\"238\">Directeur<\/td>\n<td width=\"341\">Cit\u00e9 \u00e9tudiante de la Haute-Gatineau<\/td>\n<\/tr>\n<tr>\n<td width=\"251\">Graveline, Megan<\/td>\n<td width=\"238\">Directrice adjointe<\/td>\n<td width=\"341\">\u00c9tablissement des Petits-Ponts<\/td>\n<\/tr>\n<tr>\n<td width=\"251\">Lafontaine, Annick<\/td>\n<td width=\"238\">Directrice adjointe<\/td>\n<td width=\"341\">\u00c9tablissement Le Rucher<\/td>\n<\/tr>\n<tr>\n<td width=\"251\">Laurin, Manon<\/td>\n<td width=\"238\">Directrice adjointe<\/td>\n<td width=\"341\">C\u0153ur-de-la-Gatineau<\/td>\n<\/tr>\n<tr>\n<td width=\"251\">Lucchini, Joelle<\/td>\n<td width=\"238\">Directrice<\/td>\n<td width=\"341\">C\u0153ur-de-la-Gatineau<\/td>\n<\/tr>\n<tr>\n<td width=\"251\">Malette, Sally-Ann<\/td>\n<td width=\"238\">Directrice adjointe<\/td>\n<td width=\"341\">\u00c9tablissement des Petits-Ponts<\/td>\n<\/tr>\n<tr>\n<td width=\"251\">Martin, Julie<\/td>\n<td width=\"238\">Directrice<\/td>\n<td width=\"341\">\u00c9cole secondaire Sieur-de-Coulonge<\/td>\n<\/tr>\n<tr>\n<td width=\"251\">Montreuil. Tracy<\/td>\n<td width=\"238\">Directrice adjointe<\/td>\n<td width=\"341\">C\u0153ur-de-la-Gatineau<\/td>\n<\/tr>\n<tr>\n<td width=\"251\">Par\u00e9, Gabie<\/td>\n<td width=\"238\">Directrice adjointe<\/td>\n<td width=\"341\">\u00c9cole secondaire Sieur-de-Coulonge<\/td>\n<\/tr>\n<tr>\n<td width=\"251\">Paquet, Gabrielle<\/td>\n<td width=\"238\">Directrice adjointe<\/td>\n<td width=\"341\">\u00c9tablissement Le Rucher<\/td>\n<\/tr>\n<tr>\n<td width=\"251\">Roy, Vicky<\/td>\n<td width=\"238\">Directrice adjointe<\/td>\n<td width=\"341\">Cit\u00e9 \u00e9tudiante de la Haute-Gatineau<\/td>\n<\/tr>\n<tr>\n<td width=\"251\">Tremblay, Marianne<\/td>\n<td width=\"238\">Directrice adjointe<\/td>\n<td width=\"341\">\u00c9tablissement Le Rucher<\/td>\n<\/tr>\n<\/tbody>\n<\/table>","_et_gb_content_width":"","footnotes":""},"class_list":["post-203","page","type-page","status-publish","hentry"],"_links":{"self":[{"href":"https:\/\/adeoq.com\/index.php?rest_route=\/wp\/v2\/pages\/203","targetHints":{"allow":["GET"]}}],"collection":[{"href":"https:\/\/adeoq.com\/index.php?rest_route=\/wp\/v2\/pages"}],"about":[{"href":"https:\/\/adeoq.com\/index.php?rest_route=\/wp\/v2\/types\/page"}],"author":[{"embeddable":true,"href":"https:\/\/adeoq.com\/index.php?rest_route=\/wp\/v2\/users\/1"}],"replies":[{"embeddable":true,"href":"https:\/\/adeoq.com\/index.php?rest_route=%2Fwp%2Fv2%2Fcomments&post=203"}],"version-history":[{"count":43,"href":"https:\/\/adeoq.com\/index.php?rest_route=\/wp\/v2\/pages\/203\/revisions"}],"predecessor-version":[{"id":2395,"href":"https:\/\/adeoq.com\/index.php?rest_route=\/wp\/v2\/pages\/203\/revisions\/2395"}],"wp:attachment":[{"href":"https:\/\/adeoq.com\/index.php?rest_route=%2Fwp%2Fv2%2Fmedia&parent=203"}],"curies":[{"name":"wp","href":"https:\/\/api.w.org\/{rel}","templated":true}]}}