{"id":402,"date":"2015-09-26T14:35:00","date_gmt":"2015-09-26T14:35:00","guid":{"rendered":"https:\/\/adeoq.com\/\/?page_id=402"},"modified":"2025-08-27T20:52:03","modified_gmt":"2025-08-27T20:52:03","slug":"formulaires","status":"publish","type":"page","link":"https:\/\/adeoq.com\/?page_id=402","title":{"rendered":"Formulaires"},"content":{"rendered":"<p><strong>Formulaire d\u00e9placements avec s\u00e9jour<\/strong><\/p>\n<p><a href=\"https:\/\/adeoq.com\/wp-content\/uploads\/2025\/08\/Deplacements-avec-sejour.xlsx\">D\u00e9placements avec s\u00e9jour<\/a><\/p>\n<p><strong>Formulaire d\u00e9placements sans\u00a0s\u00e9jour<\/strong><\/p>\n<p><a href=\"https:\/\/adeoq.com\/wp-content\/uploads\/2025\/08\/Deplacements-sans-sejour.xlsx\">D\u00e9placements sans s\u00e9jour<\/a><\/p>\n<p><strong>Formulaire d&rsquo;adh\u00e9sion FQDE pour les nouveaux membres<\/strong><\/p>\n<p><a href=\"https:\/\/membres.fqde.qc.ca\/adhesion\">Formulaire d&rsquo;adh\u00e9sion FQDE<\/a><\/p>\n","protected":false},"excerpt":{"rendered":"<p>Formulaire d\u00e9placements avec s\u00e9jour D\u00e9placements avec s\u00e9jour Formulaire d\u00e9placements sans\u00a0s\u00e9jour D\u00e9placements sans s\u00e9jour Formulaire d&rsquo;adh\u00e9sion FQDE pour les nouveaux membres Formulaire d&rsquo;adh\u00e9sion FQDE<\/p>\n","protected":false},"author":2,"featured_media":0,"parent":0,"menu_order":0,"comment_status":"closed","ping_status":"closed","template":"","meta":{"_et_pb_use_builder":"off","_et_pb_old_content":"<strong>Formulaire d\u00e9placements avec s\u00e9jour<\/strong>\n\n<a href=\"https:\/\/adeoq.com\/wp-content\/uploads\/2024\/09\/Deplacements-avec-sejour.xlsx\">D\u00e9placements avec s\u00e9jour<\/a>\n\n<strong>Formulaire d\u00e9placements sans\u00a0s\u00e9jour<\/strong>\n\n<a href=\"https:\/\/adeoq.com\/wp-content\/uploads\/2024\/08\/Deplacements-sans-sejour.xlsx\">D\u00e9placements sans s\u00e9jour<\/a>\n\n<strong>Formulaire d'adh\u00e9sion FQDE pour les nouveaux membres<\/strong>\n\n<a href=\"https:\/\/membres.fqde.qc.ca\/adhesion\">Formulaire d'adh\u00e9sion FQDE<\/a>","_et_gb_content_width":"","footnotes":""},"class_list":["post-402","page","type-page","status-publish","hentry"],"_links":{"self":[{"href":"https:\/\/adeoq.com\/index.php?rest_route=\/wp\/v2\/pages\/402","targetHints":{"allow":["GET"]}}],"collection":[{"href":"https:\/\/adeoq.com\/index.php?rest_route=\/wp\/v2\/pages"}],"about":[{"href":"https:\/\/adeoq.com\/index.php?rest_route=\/wp\/v2\/types\/page"}],"author":[{"embeddable":true,"href":"https:\/\/adeoq.com\/index.php?rest_route=\/wp\/v2\/users\/2"}],"replies":[{"embeddable":true,"href":"https:\/\/adeoq.com\/index.php?rest_route=%2Fwp%2Fv2%2Fcomments&post=402"}],"version-history":[{"count":29,"href":"https:\/\/adeoq.com\/index.php?rest_route=\/wp\/v2\/pages\/402\/revisions"}],"predecessor-version":[{"id":2355,"href":"https:\/\/adeoq.com\/index.php?rest_route=\/wp\/v2\/pages\/402\/revisions\/2355"}],"wp:attachment":[{"href":"https:\/\/adeoq.com\/index.php?rest_route=%2Fwp%2Fv2%2Fmedia&parent=402"}],"curies":[{"name":"wp","href":"https:\/\/api.w.org\/{rel}","templated":true}]}}