{"id":435,"date":"2015-09-26T15:13:49","date_gmt":"2015-09-26T15:13:49","guid":{"rendered":"https:\/\/adeoq.com\/\/?page_id=435"},"modified":"2021-02-08T00:37:09","modified_gmt":"2021-02-08T00:37:09","slug":"nouveaux-membres","status":"publish","type":"page","link":"https:\/\/adeoq.com\/?page_id=435","title":{"rendered":"Nouveaux membres"},"content":{"rendered":"<p>1. Code d&rsquo;\u00e9thique des Laurentides (v\u00e9rification n\u00e9cessaire)<\/p>\n<p><a href=\"https:\/\/adeoq.com\/\/wp-content\/uploads\/2015\/09\/2.-R\u00e8glement-sur-les-conditions-de-travail-des-cadres-des-commissions-scolaires.pdf\" class=\"mtli_attachment mtli_pdf\">2. R\u00e8glement sur les conditions de travail des cadres des commissions scolaires<\/a><\/p>\n<p><a href=\"https:\/\/adeoq.com\/\/wp-content\/uploads\/2015\/09\/3.-Aide-m\u00e9moire-exercice-et-fonction-des-directions-d\u00e9tablissement.pdf\" class=\"mtli_attachment mtli_pdf\">3. Aide-m\u00e9moire exercice et fonction des directions d&rsquo;\u00e9tablissement<\/a><\/p>\n<p><a href=\"https:\/\/adeoq.com\/\/wp-content\/uploads\/2015\/09\/4.-Orientations-et-les-comp\u00e9tences-professionnelles-des-directions-d\u00e9tablissement.pdf\" class=\"mtli_attachment mtli_pdf\">4. Orientations et les comp\u00e9tences professionnelles des directions d&rsquo;\u00e9tablissement<\/a><\/p>\n<p><a href=\"https:\/\/adeoq.com\/wp-content\/uploads\/2015\/09\/Constitution-CA-14-A-20-21.pdf\" class=\"mtli_attachment mtli_pdf\">5. Constitution de l&rsquo;ADEOQ &#8211; 24 octobre 2020<\/a><\/p>\n<p><a href=\"https:\/\/adeoq.com\/wp-content\/uploads\/2015\/09\/Code-de-d\u00e9thique-ADOPT\u00c9-CA-06-A-20-21.pdf\" class=\"mtli_attachment mtli_pdf\">6. Code de l&rsquo;\u00e9thique-octobre 2020<\/a><\/p>\n<p><a href=\"https:\/\/adeoq.com\/\/wp-content\/uploads\/2015\/09\/6.-FQDE-r\u00e8glement-AG-20142.pdf\" class=\"mtli_attachment mtli_pdf\">7. FQDE r\u00e8glement-AG-2014<\/a><\/p>\n<p><a href=\"https:\/\/adeoq.com\/wp-content\/uploads\/2015\/09\/RRPE-en-bref-2018.pdf\" class=\"mtli_attachment mtli_pdf\">8. R\u00e9gime de retraite du personnel d&rsquo;encadrement (synth\u00e8se)<\/a><\/p>\n<p>&nbsp;<\/p>\n","protected":false},"excerpt":{"rendered":"<p>1. Code d&rsquo;\u00e9thique des Laurentides (v\u00e9rification n\u00e9cessaire) 2. R\u00e8glement sur les conditions de travail des cadres des commissions scolaires 3. Aide-m\u00e9moire exercice et fonction des directions d&rsquo;\u00e9tablissement 4. Orientations et les comp\u00e9tences professionnelles des directions d&rsquo;\u00e9tablissement 5. Constitution de l&rsquo;ADEOQ &#8211; 24 octobre 2020 6. Code de l&rsquo;\u00e9thique-octobre 2020 7. FQDE r\u00e8glement-AG-2014 8. R\u00e9gime de [&hellip;]<\/p>\n","protected":false},"author":2,"featured_media":0,"parent":0,"menu_order":0,"comment_status":"closed","ping_status":"closed","template":"","meta":{"_et_pb_use_builder":"","_et_pb_old_content":"","_et_gb_content_width":"","footnotes":""},"class_list":["post-435","page","type-page","status-publish","hentry"],"_links":{"self":[{"href":"https:\/\/adeoq.com\/index.php?rest_route=\/wp\/v2\/pages\/435","targetHints":{"allow":["GET"]}}],"collection":[{"href":"https:\/\/adeoq.com\/index.php?rest_route=\/wp\/v2\/pages"}],"about":[{"href":"https:\/\/adeoq.com\/index.php?rest_route=\/wp\/v2\/types\/page"}],"author":[{"embeddable":true,"href":"https:\/\/adeoq.com\/index.php?rest_route=\/wp\/v2\/users\/2"}],"replies":[{"embeddable":true,"href":"https:\/\/adeoq.com\/index.php?rest_route=%2Fwp%2Fv2%2Fcomments&post=435"}],"version-history":[{"count":5,"href":"https:\/\/adeoq.com\/index.php?rest_route=\/wp\/v2\/pages\/435\/revisions"}],"predecessor-version":[{"id":1684,"href":"https:\/\/adeoq.com\/index.php?rest_route=\/wp\/v2\/pages\/435\/revisions\/1684"}],"wp:attachment":[{"href":"https:\/\/adeoq.com\/index.php?rest_route=%2Fwp%2Fv2%2Fmedia&parent=435"}],"curies":[{"name":"wp","href":"https:\/\/api.w.org\/{rel}","templated":true}]}}

<p>1. Code d&rsquo;éthique des Laurentides (vérification nécessaire)</p>
<p><a href="https://adeoq.com//wp-content/uploads/2015/09/2.-Règlement-sur-les-conditions-de-travail-des-cadres-des-commissions-scolaires.pdf" class="mtli_attachment mtli_pdf">2. Règlement sur les conditions de travail des cadres des commissions scolaires</a></p>
<p><a href="https://adeoq.com//wp-content/uploads/2015/09/3.-Aide-mémoire-exercice-et-fonction-des-directions-détablissement.pdf" class="mtli_attachment mtli_pdf">3. Aide-mémoire exercice et fonction des directions d&rsquo;établissement</a></p>
<p><a href="https://adeoq.com//wp-content/uploads/2015/09/4.-Orientations-et-les-compétences-professionnelles-des-directions-détablissement.pdf" class="mtli_attachment mtli_pdf">4. Orientations et les compétences professionnelles des directions d&rsquo;établissement</a></p>
<p><a href="https://adeoq.com/wp-content/uploads/2015/09/Constitution-CA-14-A-20-21.pdf" class="mtli_attachment mtli_pdf">5. Constitution de l&rsquo;ADEOQ &#8211; 24 octobre 2020</a></p>
<p><a href="https://adeoq.com/wp-content/uploads/2015/09/Code-de-déthique-ADOPTÉ-CA-06-A-20-21.pdf" class="mtli_attachment mtli_pdf">6. Code de l&rsquo;éthique-octobre 2020</a></p>
<p><a href="https://adeoq.com//wp-content/uploads/2015/09/6.-FQDE-règlement-AG-20142.pdf" class="mtli_attachment mtli_pdf">7. FQDE règlement-AG-2014</a></p>
<p><a href="https://adeoq.com/wp-content/uploads/2015/09/RRPE-en-bref-2018.pdf" class="mtli_attachment mtli_pdf">8. Régime de retraite du personnel d&rsquo;encadrement (synthèse)</a></p>
<p>&nbsp;</p>

<p>1. Code d&rsquo;éthique des Laurentides (vérification nécessaire) 2. Règlement sur les conditions de travail des cadres des commissions scolaires 3. Aide-mémoire exercice et fonction des directions d&rsquo;établissement 4. Orientations et les compétences professionnelles des directions d&rsquo;établissement 5. Constitution de l&rsquo;ADEOQ &#8211; 24 octobre 2020 6. Code de l&rsquo;éthique-octobre 2020 7. FQDE règlement-AG-2014 8. Régime de [&hellip;]</p>
