{"id":447,"date":"2015-09-26T15:24:05","date_gmt":"2015-09-26T15:24:05","guid":{"rendered":"https:\/\/adeoq.com\/\/?page_id=447"},"modified":"2025-09-16T15:47:43","modified_gmt":"2025-09-16T15:47:43","slug":"tableau-des-elections","status":"publish","type":"page","link":"https:\/\/adeoq.com\/?page_id=447","title":{"rendered":"\u00c9lections"},"content":{"rendered":"<p><b>Dur\u00e9e du mandat des officiers<\/b><\/p>\n<p><span style=\"font-weight: 400;\">4-5,01-<\/span> <span style=\"font-weight: 400;\">Les membres du Conseil d\u2019administration demeurent en fonction durant trois (3) ans jusqu\u2019au 30 juin. \u00a0Sont \u00e9lus par l\u2019assembl\u00e9e g\u00e9n\u00e9rale\u00a0: \u00a0pr\u00e9sident, vice-pr\u00e9sident et conseiller aux\u00a0affaires professionnelles, vice-pr\u00e9sident et conseiller aux\u00a0relations de travail, secr\u00e9taire, tr\u00e9sorier. \u00a0Sont nomm\u00e9s par le Conseil d\u2019administration\u00a0:\u00a0 2e\u00a0\u00a0conseiller aux affaires\u00a0<\/span><span style=\"font-weight: 400;\">professionnelles,\u00a02e conseiller <\/span><span style=\"font-weight: 400;\">aux relations de travail, responsable aux communications. \u00a0Sont \u00e9lus par leur unit\u00e9\u00a0:\u00a0\u00a0coordonnateur. \u00a0\u00c0 la fin de son mandat, tout officier doit remettre au si\u00e8ge social tous les documents et autres effets appartenant \u00e0 l\u2019Association.<\/span><\/p>\n<table width=\"0\">\n<tbody>\n<tr>\n<td><strong>TITRE \/ GROUPE<\/strong><\/td>\n<td><strong>DERNI\u00c8RE \u00c9LECTION<\/strong><\/td>\n<td><strong>PROCHAINE \u00c9LECTION<\/strong><\/td>\n<td><strong>MANDAT 3 ANS POUR TOUS<\/strong><\/td>\n<\/tr>\n<tr>\n<td>Pr\u00e9sident\/e<\/td>\n<td>Octobre 2024<\/td>\n<td>Octobre 2027<\/td>\n<td>10\/2024-10\/2027<\/td>\n<\/tr>\n<tr>\n<td>Tr\u00e9sorier\/\u00e8re<\/td>\n<td>Octobre 2024<\/td>\n<td>Octobre 2027<\/td>\n<td>10\/2024-10\/2027<\/td>\n<\/tr>\n<tr>\n<td>2e repr\u00e9sentant\/e AP<\/td>\n<td>Mai 2024<\/td>\n<td>Mai 2027<\/td>\n<td>05\/2024-05\/2027<\/td>\n<\/tr>\n<tr>\n<td>RAC<\/td>\n<td>Octobre 2024<\/td>\n<td>Octobre 2027<\/td>\n<td>10\/2024-10\/2027<\/td>\n<\/tr>\n<tr>\n<td>2e repr\u00e9sentant\/e RT<\/td>\n<td>Mai 2024<\/td>\n<td>Mai 2027<\/td>\n<td>05\/2024-05\/2027<\/td>\n<\/tr>\n<tr>\n<td>Coordonnateurs\/trices<\/td>\n<td>Annuelle<\/td>\n<td>Annuelle<\/td>\n<td>N\/A<\/td>\n<\/tr>\n<tr>\n<td>VPAP<\/td>\n<td>Avril 2023<\/td>\n<td>Octobre 2026<\/td>\n<td>04\/2023 -10\/2026<\/td>\n<\/tr>\n<tr>\n<td>VPRT<\/td>\n<td>Octobre 2023<\/td>\n<td>Octobre 2026<\/td>\n<td>10\/2023 -10\/2026<\/td>\n<\/tr>\n<tr>\n<td>Secr\u00e9taire<\/td>\n<td>Avril 2023<\/td>\n<td>Octobre 2026<\/td>\n<td>04\/2023 -10\/2026<\/td>\n<\/tr>\n<tr>\n<td colspan=\"4\"><\/td>\n<\/tr>\n<tr>\n<td>Pr\u00e9sident\/e<\/td>\n<td colspan=\"3\">Prochaines \u00e9lections : 2027, 2030, 2033,2036 \u2026<\/td>\n<\/tr>\n<tr>\n<td>Tr\u00e9sorier\/\u00e8re<\/td>\n<td colspan=\"3\">Prochaines \u00e9lections\u00a0:\u00a0 2027, 2030, 2033,2036 \u2026<\/td>\n<\/tr>\n<tr>\n<td>2e repr\u00e9sentant\/e AP \/ RAC<\/td>\n<td colspan=\"3\">Prochaines nominations :\u00a0 2027, 2030, 2033,2036 \u2026<\/td>\n<\/tr>\n<tr>\n<td>RAC<\/td>\n<td colspan=\"3\">Prochaines nominations :\u00a0 2027, 2030, 2033, 2036 \u2026<\/td>\n<\/tr>\n<tr>\n<td>2e repr\u00e9sentant\/e RT<\/td>\n<td colspan=\"3\">Prochaines nominations :\u00a0 2027, 2030, 2033, 2036 \u2026<\/td>\n<\/tr>\n<tr>\n<td>Coordonnateurs\/trices<\/td>\n<td colspan=\"3\">Prochaines \u00e9lections\u00a0:\u00a0\u00a0Annuelle<\/td>\n<\/tr>\n<tr>\n<td>VPAP<\/td>\n<td colspan=\"3\">Prochaines \u00e9lections :\u00a0\u00a0\u00a02026, 2029, 2032, 2035\u2026<\/td>\n<\/tr>\n<tr>\n<td>VPRT<\/td>\n<td colspan=\"3\">Prochaines \u00e9lections\u00a0:\u00a0 \u00a02026, 2029, 2032, 2035\u2026<\/td>\n<\/tr>\n<tr>\n<td>Secr\u00e9taire<\/td>\n<td colspan=\"3\">Prochaines \u00e9lections :\u00a0\u00a0 2026, 2029, 2032, 2035\u2026<\/td>\n<\/tr>\n<\/tbody>\n<\/table>\n<p><strong>\u00a0<\/strong><\/p>\n","protected":false},"excerpt":{"rendered":"<p>Dur\u00e9e du mandat des officiers 4-5,01- Les membres du Conseil d\u2019administration demeurent en fonction durant trois (3) ans jusqu\u2019au 30 juin. \u00a0Sont \u00e9lus par l\u2019assembl\u00e9e g\u00e9n\u00e9rale\u00a0: \u00a0pr\u00e9sident, vice-pr\u00e9sident et conseiller aux\u00a0affaires professionnelles, vice-pr\u00e9sident et conseiller aux\u00a0relations de travail, secr\u00e9taire, tr\u00e9sorier. \u00a0Sont nomm\u00e9s par le Conseil d\u2019administration\u00a0:\u00a0 2e\u00a0\u00a0conseiller aux affaires\u00a0professionnelles,\u00a02e conseiller aux relations de travail, responsable [&hellip;]<\/p>\n","protected":false},"author":2,"featured_media":0,"parent":0,"menu_order":0,"comment_status":"open","ping_status":"open","template":"","meta":{"_et_pb_use_builder":"","_et_pb_old_content":"","_et_gb_content_width":"","footnotes":""},"class_list":["post-447","page","type-page","status-publish","hentry"],"_links":{"self":[{"href":"https:\/\/adeoq.com\/index.php?rest_route=\/wp\/v2\/pages\/447","targetHints":{"allow":["GET"]}}],"collection":[{"href":"https:\/\/adeoq.com\/index.php?rest_route=\/wp\/v2\/pages"}],"about":[{"href":"https:\/\/adeoq.com\/index.php?rest_route=\/wp\/v2\/types\/page"}],"author":[{"embeddable":true,"href":"https:\/\/adeoq.com\/index.php?rest_route=\/wp\/v2\/users\/2"}],"replies":[{"embeddable":true,"href":"https:\/\/adeoq.com\/index.php?rest_route=%2Fwp%2Fv2%2Fcomments&post=447"}],"version-history":[{"count":28,"href":"https:\/\/adeoq.com\/index.php?rest_route=\/wp\/v2\/pages\/447\/revisions"}],"predecessor-version":[{"id":2375,"href":"https:\/\/adeoq.com\/index.php?rest_route=\/wp\/v2\/pages\/447\/revisions\/2375"}],"wp:attachment":[{"href":"https:\/\/adeoq.com\/index.php?rest_route=%2Fwp%2Fv2%2Fmedia&parent=447"}],"curies":[{"name":"wp","href":"https:\/\/api.w.org\/{rel}","templated":true}]}}

Élections

<p><b>Durée du mandat des officiers</b></p>
<p><span style="font-weight: 400;">4-5,01-</span> <span style="font-weight: 400;">Les membres du Conseil d’administration demeurent en fonction durant trois (3) ans jusqu’au 30 juin.  Sont élus par l’assemblée générale :  président, vice-président et conseiller aux affaires professionnelles, vice-président et conseiller aux relations de travail, secrétaire, trésorier.  Sont nommés par le Conseil d’administration :  2e  conseiller aux affaires </span><span style="font-weight: 400;">professionnelles, 2e conseiller </span><span style="font-weight: 400;">aux relations de travail, responsable aux communications.  Sont élus par leur unité :  coordonnateur.  À la fin de son mandat, tout officier doit remettre au siège social tous les documents et autres effets appartenant à l’Association.</span></p>
<table width="0">
<tbody>
<tr>
<td><strong>TITRE / GROUPE</strong></td>
<td><strong>DERNIÈRE ÉLECTION</strong></td>
<td><strong>PROCHAINE ÉLECTION</strong></td>
<td><strong>MANDAT 3 ANS POUR TOUS</strong></td>
</tr>
<tr>
<td>Président/e</td>
<td>Octobre 2024</td>
<td>Octobre 2027</td>
<td>10/2024-10/2027</td>
</tr>
<tr>
<td>Trésorier/ère</td>
<td>Octobre 2024</td>
<td>Octobre 2027</td>
<td>10/2024-10/2027</td>
</tr>
<tr>
<td>2e représentant/e AP</td>
<td>Mai 2024</td>
<td>Mai 2027</td>
<td>05/2024-05/2027</td>
</tr>
<tr>
<td>RAC</td>
<td>Octobre 2024</td>
<td>Octobre 2027</td>
<td>10/2024-10/2027</td>
</tr>
<tr>
<td>2e représentant/e RT</td>
<td>Mai 2024</td>
<td>Mai 2027</td>
<td>05/2024-05/2027</td>
</tr>
<tr>
<td>Coordonnateurs/trices</td>
<td>Annuelle</td>
<td>Annuelle</td>
<td>N/A</td>
</tr>
<tr>
<td>VPAP</td>
<td>Avril 2023</td>
<td>Octobre 2026</td>
<td>04/2023 -10/2026</td>
</tr>
<tr>
<td>VPRT</td>
<td>Octobre 2023</td>
<td>Octobre 2026</td>
<td>10/2023 -10/2026</td>
</tr>
<tr>
<td>Secrétaire</td>
<td>Avril 2023</td>
<td>Octobre 2026</td>
<td>04/2023 -10/2026</td>
</tr>
<tr>
<td colspan="4"></td>
</tr>
<tr>
<td>Président/e</td>
<td colspan="3">Prochaines élections : 2027, 2030, 2033,2036 …</td>
</tr>
<tr>
<td>Trésorier/ère</td>
<td colspan="3">Prochaines élections :  2027, 2030, 2033,2036 …</td>
</tr>
<tr>
<td>2e représentant/e AP / RAC</td>
<td colspan="3">Prochaines nominations :  2027, 2030, 2033,2036 …</td>
</tr>
<tr>
<td>RAC</td>
<td colspan="3">Prochaines nominations :  2027, 2030, 2033, 2036 …</td>
</tr>
<tr>
<td>2e représentant/e RT</td>
<td colspan="3">Prochaines nominations :  2027, 2030, 2033, 2036 …</td>
</tr>
<tr>
<td>Coordonnateurs/trices</td>
<td colspan="3">Prochaines élections :  Annuelle</td>
</tr>
<tr>
<td>VPAP</td>
<td colspan="3">Prochaines élections :   2026, 2029, 2032, 2035…</td>
</tr>
<tr>
<td>VPRT</td>
<td colspan="3">Prochaines élections :   2026, 2029, 2032, 2035…</td>
</tr>
<tr>
<td>Secrétaire</td>
<td colspan="3">Prochaines élections :   2026, 2029, 2032, 2035…</td>
</tr>
</tbody>
</table>
<p><strong> </strong></p>

<p>Durée du mandat des officiers 4-5,01- Les membres du Conseil d’administration demeurent en fonction durant trois (3) ans jusqu’au 30 juin.  Sont élus par l’assemblée générale :  président, vice-président et conseiller aux affaires professionnelles, vice-président et conseiller aux relations de travail, secrétaire, trésorier.  Sont nommés par le Conseil d’administration :  2e  conseiller aux affaires professionnelles, 2e conseiller aux relations de travail, responsable [&hellip;]</p>
